rue
Is 21 a factor of 45551?
False
Is 66 a multiple of 3?
True
Does 19 divide 427?
False
Is 1215 a multiple of 15?
True
Does 14 divide 658?
True
Does 144 divide 138160?
False
Does 10 divide 200?
True
Is 247 a factor of 25688?
True
Is 61 a factor of 33476?
False
Is 26 a factor of 1664?
True
Does 12 divide 19191?
False
Does 13 divide 12629?
False
Is 21 a factor of 1407?
True
Is 1408 a multiple of 64?
True
Does 48 divide 612?
False
Is 1429 a multiple of 22?
False
Is 6746 a multiple of 101?
False
Does 14 divide 691?
False
Is 67 a factor of 11895?
False
Is 1649 a multiple of 97?
True
Does 30 divide 24092?
False
Is 51 a factor of 43051?
False
Does 34 divide 10914?
True
Does 73 divide 675?
False
Is 12616 a multiple of 19?
True
Is 63 a multiple of 7?
True
Does 41 divide 1041?
False
Is 91 a factor of 25025?
True
Does 9 divide 171?
True
Is 481 a multiple of 23?
False
Is 50 a factor of 12201?
False
Is 1584 a multiple of 26?
False
Does 11 divide 15903?
False
Does 11 divide 8872?
False
Is 147 a multiple of 11?
False
Does 7 divide 45510?
False
Does 2 divide 300?
True
Is 15 a factor of 2235?
True
Is 6910 a multiple of 10?
True
Does 23 divide 3530?
False
Is 2 a factor of 20829?
False
Does 11 divide 5225?
True
Is 2321 a multiple of 9?
False
Is 224 a factor of 25299?
False
Does 59 divide 2762?
False
Is 5 a factor of 30?
True
Is 4382 a multiple of 3?
False
Is 2170 a multiple of 25?
False
Is 579 a multiple of 30?
False
Is 19 a factor of 209?
True
Is 67 a factor of 20569?
True
Is 16 a factor of 3021?
False
Is 41 a multiple of 3?
False
Does 22 divide 234?
False
Does 42 divide 1171?
False
Is 6138 a multiple of 32?
False
Is 9610 a multiple of 62?
True
Does 197 divide 18124?
True
Is 10494 a multiple of 18?
True
Does 17 divide 1105?
True
Is 137 a factor of 31706?
False
Does 21 divide 2772?
True
Is 21172 a multiple of 79?
True
Is 16 a factor of 1893?
False
Is 160 a factor of 33476?
False
Is 4464 a multiple of 58?
False
Is 12 a factor of 2365?
False
Is 11 a factor of 12375?
True
Does 110 divide 5940?
True
Is 444 a multiple of 6?
True
Does 8 divide 2768?
True
Is 17 a factor of 72114?
True
Is 1386 a multiple of 14?
True
Is 2054 a multiple of 26?
True
Is 119 a factor of 31567?
False
Is 5371 a multiple of 131?
True
Does 79 divide 69520?
True
Does 17 divide 31823?
False
Does 6 divide 186?
True
Is 3 a factor of 512?
False
Is 40 a factor of 12472?
False
Is 3 a factor of 10?
False
Is 17 a factor of 255?
True
Is 43 a factor of 419?
False
Does 5 divide 154?
False
Is 2088 a multiple of 37?
False
Does 5 divide 1650?
True
Does 53 divide 33309?
False
Does 4 divide 388?
True
Does 9 divide 16524?
True
Is 23 a factor of 5244?
True
Does 52 divide 22077?
False
Is 277 a factor of 14170?
False
Does 120 divide 7748?
False
Is 8100 a multiple of 90?
True
Does 94 divide 4042?
True
Is 32236 a multiple of 13?
False
Is 5497 a multiple of 10?
False
Does 2 divide 198?
True
Is 219 a multiple of 76?
False
Is 36 a factor of 13797?
False
Is 14 a factor of 6160?
True
Is 5 a factor of 2105?
True
Is 8918 a multiple of 14?
True
Is 394 a multiple of 28?
False
Is 246 a factor of 16705?
False
Does 12 divide 7994?
False
Is 9 a factor of 1236?
False
Is 2275 a multiple of 39?
False
Is 9 a factor of 4650?
False
Does 13 divide 455?
True
Is 689 a multiple of 31?
False
Is 862 a multiple of 20?
False
Is 630 a multiple of 30?
True
Does 10 divide 835?
False
Does 14 divide 1110?
False
Does 54 divide 216?
True
Is 14201 a multiple of 9?
False
Is 1395 a multiple of 15?
True
Is 1884 a multiple of 5?
False
Does 25 divide 900?
True
Is 920 a multiple of 20?
True
Is 41305 a multiple of 9?
False
Is 21066 a multiple of 71?
False
Is 2589 a multiple of 3?
True
Does 87 divide 440?
False
Does 23 divide 8096?
True
Is 8 a factor of 8375?
False
Is 10 a multiple of 5?
True
Is 16 a factor of 15872?
True
Is 9 a factor of 16533?
True
Does 21 divide 893?
False
Is 874 a multiple of 46?
True
Does 58 divide 7424?
True
Is 424 a multiple of 122?
False
Is 18 a factor of 156?
False
Is 984 a multiple of 41?
True
Is 52 a factor of 1642?
False
Is 11 a factor of 3509?
True
Does 40 divide 40?
True
Is 672 a multiple of 32?
True
Is 1832 a multiple of 71?
False
Does 12 divide 3021?
False
Is 59 a factor of 50893?
False
Is 2035 a multiple of 11?
True
Is 58400 a multiple of 80?
True
Is 24 a factor of 7352?
False
Is 1788 a multiple of 89?
False
Is 23 a factor of 828?
True
Is 10 a factor of 130?
True
Is 33 a factor of 693?
True
Is 15 a factor of 1831?
False
Does 11 divide 2702?
False
Is 20 a factor of 2080?
True
Is 2788 a multiple of 41?
True
Is 17 a factor of 1173?
True
Is 30 a factor of 3660?
True
Is 12 a factor of 1776?
True
Is 849 a multiple of 5?
False
Is 676 a multiple of 10?
False
Is 9776 a multiple of 39?
False
Is 109 a factor of 4007?
False
Is 3 a factor of 7988?
False
Does 15 divide 28380?
True
Is 412 a multiple of 16?
False
Does 29 divide 6757?
True
Does 12 divide 2448?
True
Is 5 a factor of 4033?
False
Does 9 divide 31104?
True
Is 31 a factor of 310?
True
Does 51 divide 32997?
True
Is 91 a factor of 9782?
False
Is 8 a factor of 44640?
True
Is 20 a factor of 12599?
False
Is 20 a factor of 73494?
False
Is 3113 a multiple of 15?
False
Does 9 divide 1422?
True
Is 717 a multiple of 12?
False
Is 58721 a multiple of 13?
True
Is 3679 a multiple of 3?
False
Does 84 divide 1848?
True
Is 60 a factor of 1560?
True
Does 38 divide 3238?
False
Is 2391 a multiple of 5?
False
Is 3 a factor of 8616?
True
Is 3509 a multiple of 121?
True
Does 7 divide 380?
False
Does 36 divide 2808?
True
Does 41 divide 4059?
True
Is 22770 a multiple of 5?
True
Does 19 divide 14003?
True
Is 7 a factor of 1890?
True
Does 255 divide 46452?
False
Does 81 divide 972?
True
Does 46 divide 102?
False
Does 3 divide 495?
True
Does 37 divide 167499?
True
Is 23 a factor of 437?
True
Does 84 divide 4157?
False
Does 79 divide 11933?
False
Does 53 divide 6769?
False
Is 18 a factor of 2034?
True
Is 6 a factor of 654?
True
Is 1458 a multiple of 6?
True
Is 23 a factor of 3404?
True
Does 4 divide 456?
True
Does 14 divide 2058?
True
Does 3 divide 23700?
True
Is 46 even?
True
Is 71 a factor of 1287?
False
Does 62 divide 508?
False
Is 29 a factor of 17458?
True
Is 2834 a multiple of 13?
True
Does 45 divide 12870?
True
Is 40680 a multiple of 15?
True
Is 50 a factor of 3456?
False
Does 53 divide 39529?
False
Is 14 a factor of 1288?
True
Is 93152 a multiple of 12?
False
Does 21 divide 3192?
True
Does 4 divide 296?
True
Is 44 a multiple of 9?
False
Does 10 divide 13200?
True
Is 650 a multiple of 62?
False
Does 6 divide 132?
True
Is 28 a factor of 9576?
True
Does 187 divide 2618?
True
Is 34 a factor of 8061?
False
Is 79 a factor of 15958?
True
Does 2 divide 1872?
True
Is 705 a multiple of 45?
False
Is 24300 a multiple of 37?
False
Is 5775 a multiple of 24?
False
Is 2331 a multiple of 8?
False
Is 615 a multiple of 5?
True
Does 53 divide 5353?
True
Is 19 a factor of 1049?
False
Does 59 divide 236?
True
Does 7 divide 3980?
False
Is 80 a factor of 1285?
False
Is 55 a factor of 9350?
True
Is 28235 a multiple of 122?
False
Is 16 a factor of 288?
True
Is 14 a factor of 2030?
True
Does 13 divide 2990?
True
Is 10 a factor of 70?
True
Is 27 a factor of 4590?
True
Is 31 a factor of 837?
True
Is 32 a factor of 9614?
False
Does 6 divide 496?
False
Is 273 a multiple of 13?
True
Is 734 a multiple of 5?
False
Is 18 a factor of 1937?
False
Does 12 divide 3462?
False
Is 1170 a multiple of 18?
True
Does 19 divide 33300?
False
Is 4 a factor of 2144?
True
Does 202 divide 18180?
True
Is 54 a factor of 26767?
False
Is 27339 a multiple of 29?
False
Does 79 divide 869?
True
Does 53 divide 790?
False
Is 160 a factor of 30080?
True
Is 31 a factor of 5301?
True
Is 2607 a multiple of 3?
True
Does 23 divide 2040?
False
Does 184 divide 5152?
True
Is 33761 a multiple of 13?
True
Does 4 divide 180?
True
Is 20 a factor of 25280?
True
Does 22 divide 27984?
True
Does 42 divide 7434?
True
Does 13 divide 2684?
False
Does 12 divide 576?
True
Is 615 a multiple of 15?
True
Does 6 divide 1043?
False
Is 14 a factor of 1064?
True
Is 1100 a multiple of 25?
True
Does 20 divide 9431?
False
Is 1117 a multiple of 8?
False
Is 106 a factor of 11130?
True
Is 7 a factor of 7679?
True
Is 7 a factor of 867?
False
Is 18 a factor of 9523?
False
Does 54 divide 216?
